{"id":2,"date":"2022-02-25T15:50:59","date_gmt":"2022-02-25T15:50:59","guid":{"rendered":"http:\/\/blogiauhinnad.ee\/?page_id=2"},"modified":"2022-02-28T16:07:42","modified_gmt":"2022-02-28T16:07:42","slug":"sample-page","status":"publish","type":"page","link":"http:\/\/blogiauhinnad.ee\/?page_id=2","title":{"rendered":"AVALEHT"},"content":{"rendered":"\n<p>Tere tulemast blogiauhinnad.ee kodulehele!<\/p>\n\n\n\n<p><\/p>\n\n\n\n<blockquote class=\"wp-block-quote is-layout-flow wp-block-quote-is-layout-flow\"><p>Maailmas on<strong>\u00a02 miljardit blogi ja<\/strong>\u00a0veebilehte ning \u00fcle 80 miljoni blogipostituse avaldatakse iga kuu jooksul. Blogimisest on saanud suur t\u00f6\u00f6stus, amet, turundusvahend. Siiski leiame, et see on Instagrami, Youtube-i ja muude sotsiaalmeediakanalite t\u00f5usva trendi juures j\u00e4\u00e4v kanal. T\u00e4na on raske eristada seda, mis on veebileht ja mis blogi, sest need on omavahel v\u00e4ga h\u00e4sti integreeritud. Enamasti ongi vahe fookuses ja selles, mida lugejale rohkem eksponeeritakse ning mida tegema suunatakse.<\/p><\/blockquote>\n\n\n\n<p>Head lugemist!<\/p>\n","protected":false},"excerpt":{"rendered":"<p>Tere tulemast blogiauhinnad.ee kodulehele! Maailmas on\u00a02 miljardit blogi ja\u00a0veebilehte ning \u00fcle 80 miljoni blogipostituse avaldatakse iga kuu jooksul. Blogimisest on saanud suur t\u00f6\u00f6stus, amet, turundusvahend. Siiski leiame, et see on&#8230;.<\/p>\n","protected":false},"author":1,"featured_media":0,"parent":0,"menu_order":0,"comment_status":"closed","ping_status":"open","template":"","meta":{"footnotes":""},"class_list":["post-2","page","type-page","status-publish","hentry"],"_links":{"self":[{"href":"http:\/\/blogiauhinnad.ee\/index.php?rest_route=\/wp\/v2\/pages\/2","targetHints":{"allow":["GET"]}}],"collection":[{"href":"http:\/\/blogiauhinnad.ee\/index.php?rest_route=\/wp\/v2\/pages"}],"about":[{"href":"http:\/\/blogiauhinnad.ee\/index.php?rest_route=\/wp\/v2\/types\/page"}],"author":[{"embeddable":true,"href":"http:\/\/blogiauhinnad.ee\/index.php?rest_route=\/wp\/v2\/users\/1"}],"replies":[{"embeddable":true,"href":"http:\/\/blogiauhinnad.ee\/index.php?rest_route=%2Fwp%2Fv2%2Fcomments&post=2"}],"version-history":[{"count":2,"href":"http:\/\/blogiauhinnad.ee\/index.php?rest_route=\/wp\/v2\/pages\/2\/revisions"}],"predecessor-version":[{"id":22,"href":"http:\/\/blogiauhinnad.ee\/index.php?rest_route=\/wp\/v2\/pages\/2\/revisions\/22"}],"wp:attachment":[{"href":"http:\/\/blogiauhinnad.ee\/index.php?rest_route=%2Fwp%2Fv2%2Fmedia&parent=2"}],"curies":[{"name":"wp","href":"https:\/\/api.w.org\/{rel}","templated":true}]}}